{"id":2088,"date":"2021-05-12T06:57:18","date_gmt":"2021-05-12T06:57:18","guid":{"rendered":"http:\/\/3.64.239.12\/?page_id=2088"},"modified":"2025-11-18T12:12:27","modified_gmt":"2025-11-18T11:12:27","slug":"firmenkunden","status":"publish","type":"page","link":"https:\/\/www.markowohnen.at\/firmenkunden","title":{"rendered":"Firmenkunden"},"content":{"rendered":"<h2>WIR MACHEN AUS DEINEM HAUS DEIN ZUHAUSE<\/h2>\n<h6>2021 MARKO WOHNEN<\/h6>\n<h2><strong>UNSER<\/strong> <i style=\"color: #ed7c0b;\" aria-hidden=\"true\"><strong>\/<\/strong><\/i> UNTERNEHMEN<\/h2>\n<div style=\"position:absolute; left:-6789854645px;\">\n<h2>Online Casino Bonus Crab in Deutschland \u2013 attraktive Angebote f\u00fcr Spieler<\/h2>\n<p>Immer mehr deutsche Spieler entdecken den Reiz von Online-Casinos mit Bonus Crab. Diese speziellen Angebote erm\u00f6glichen es, zus\u00e4tzliche Spielguthaben oder Freispiele zu erhalten, ohne sofort grosse Betr\u00e4ge einzuzahlen. Der Bonus Crab ist besonders beliebt, weil er flexibel einsetzbar ist und in vielen bekannten Online-Casinos verf\u00fcgbar bleibt. Spieler profitieren von einer Kombination aus fairen Bedingungen, schnellen Auszahlungen und abwechslungsreichen Spielm\u00f6glichkeiten, die sowohl Anf\u00e4nger wie auch erfahrene Nutzer ansprechen.<\/p>\n<h2>Wie funktionieren Bonus Crab Angebote?<\/h2>\n<p>Der Bonus Crab wird meist neuen Spielern nach der Registrierung oder bei einer ersten Einzahlung angeboten. Um das Angebot zu aktivieren, gen\u00fcgt es oft, einen Bonuscode einzugeben oder den Bonus im Spielerkonto manuell zu best\u00e4tigen. Danach wird das zus\u00e4tzliche Guthaben dem Konto gutgeschrieben und kann in verschiedenen Spielen verwendet werden. Wichtig ist, die jeweiligen Umsatzbedingungen zu beachten, bevor Gewinne ausgezahlt werden k\u00f6nnen. In der Regel verlangen die Casinos, dass der Bonusbetrag eine bestimmte Anzahl von Malen umgesetzt wird.<\/p>\n<h2>Warum deutsche Spieler diese Casinos w\u00e4hlen<\/h2>\n<p><a href=\"https:\/\/spielothekgermany.com\/de\/spielothek\/bonus-crab\/\">Online-Casinos mit Bonus Crab<\/a> \u00fcberzeugen durch ihre Transparenz, die einfache Bedienung und eine sichere Spielumgebung. Dank der attraktiven Bonusstruktur und der modernen Zahlungsoptionen sind sie eine ideale Wahl f\u00fcr alle, die Spass, Abwechslung und faire Gewinnchancen in einem lizenzierten deutschen Online-Casino suchen.<\/p>\n<\/div>\n<p><strong>Wir begleiten Menschen bei der Gestaltung ihres Wohnraumes als Ausdruck ihrer Pers\u00f6nlichkeit. Dabei spielen ihr individueller LIFESTYLE, die\u00a0ARCHITEKTUR\u00a0und die\u00a0M\u00d6BEL\u00a0eine gleichwertig grundlegende Rolle.\u00a0<\/strong><\/p>\n<p>Unser kompetentes Team an Einrichtungsplanern mit fundiertem Fachwissen bringt die Voraussetzungen und F\u00e4higkeiten mit, mit der richtigen Planung und ausgew\u00e4hlten M\u00f6belst\u00fccken Ihren pers\u00f6nlichen Stil\u00a0widerzuspiegeln und auf Ihre Anfordernisse und Bed\u00fcrfnisse einzugehen, sei es in einem Gesamteinrichtungs- oder im einzelnen Raumkonzept.<\/p>\n<p>Uns ist wichtig, jedes Einrichtungsvorhaben zu Ihrem pers\u00f6nlichen Erlebnis werden zu lassen. Die Entscheidung f\u00fcr die Neugestaltung des eigenen Lebensraumes ist ein Projekt, das vorausschauend zu planen, detailliert auszuarbeiten und mit Sorgfalt zu realisieren ist, damit Sie lange Freude an Ihrer neuen Einrichtung haben und in all Ihren Wohnbereichen keinerlei W\u00fcnsche offen bleiben.<\/p>\n<p><strong>Die Kombination von Lifestyle, Architektur und Mo\u0308beln als architektonisch stilvolles Gesamteinrichtungskonzept ist unsere Passion\u2026<\/strong><\/p>\n<p><strong>\u2026 umzusetzen, was Sie sich noch gar nicht vorstellen k\u00f6nnen, unsere Herausforderung.\u00a0<\/strong><\/p>\n<h2>ARCHITEKTUR<\/h2>\n<h2>LIFESTYLE<\/h2>\n<h2>M\u00d6BEL<\/h2>\n<p>Jahre Erfahrung<br \/>\n0<br \/>\nAmbitionierte Mitarbeiter<br \/>\n0<br \/>\nMontierte K\u00fcchen<br \/>\n><br \/>\n0<\/p>\n<h2><strong>VERL\u00c4SSLICH<\/strong> <i style=\"color: #ed7c0b;\" aria-hidden=\"true\">&amp;<\/i> KOMPETENT<\/h2>\n<h2>Unser<\/h2>\n<h1>Unternehmen<\/h1>\n<p>Mit mehr als 21 Jahren Erfahrung und \u00fcber 15.000 montierten K\u00fcchen sind wir eines der marktf\u00fchrenden Unternehmen in \u00d6sterreich. Hier\u00a0sind Sie immer auf der sicheren Seite!<\/p>\n<p><a role=\"button\"><br \/>\nMEHR ERFAHREN<br \/>\n<\/a><br \/>\n<img fetchpriority=\"high\" decoding=\"async\" width=\"2254\" height=\"1500\" src=\"https:\/\/www.markowohnen.at\/wp-content\/uploads\/2021\/07\/Foyer-1.jpg\" alt=\"Hotellerie - Marko Wohnen\" srcset=\"https:\/\/www.markowohnen.at\/wp-content\/uploads\/2021\/07\/Foyer-1.jpg 2254w, https:\/\/www.markowohnen.at\/wp-content\/uploads\/2021\/07\/Foyer-1-300x200.jpg 300w, https:\/\/www.markowohnen.at\/wp-content\/uploads\/2021\/07\/Foyer-1-1024x681.jpg 1024w, https:\/\/www.markowohnen.at\/wp-content\/uploads\/2021\/07\/Foyer-1-768x511.jpg 768w, https:\/\/www.markowohnen.at\/wp-content\/uploads\/2021\/07\/Foyer-1-1536x1022.jpg 1536w, https:\/\/www.markowohnen.at\/wp-content\/uploads\/2021\/07\/Foyer-1-2048x1363.jpg 2048w\" sizes=\"(max-width: 2254px) 100vw, 2254px\" \/><br \/>\n<img decoding=\"async\" width=\"2250\" height=\"1500\" src=\"https:\/\/www.markowohnen.at\/wp-content\/uploads\/2021\/07\/Ferien_Studenten7.jpg\" alt=\"Ferienappartements - Marko Wohnen\" srcset=\"https:\/\/www.markowohnen.at\/wp-content\/uploads\/2021\/07\/Ferien_Studenten7.jpg 2250w, https:\/\/www.markowohnen.at\/wp-content\/uploads\/2021\/07\/Ferien_Studenten7-300x200.jpg 300w, https:\/\/www.markowohnen.at\/wp-content\/uploads\/2021\/07\/Ferien_Studenten7-1024x683.jpg 1024w, https:\/\/www.markowohnen.at\/wp-content\/uploads\/2021\/07\/Ferien_Studenten7-768x512.jpg 768w, https:\/\/www.markowohnen.at\/wp-content\/uploads\/2021\/07\/Ferien_Studenten7-1536x1024.jpg 1536w, https:\/\/www.markowohnen.at\/wp-content\/uploads\/2021\/07\/Ferien_Studenten7-2048x1365.jpg 2048w\" sizes=\"(max-width: 2250px) 100vw, 2250px\" \/><\/p>\n<h2>Unsere<\/h2>\n<h1>Leistungen<\/h1>\n<p>Egal ob\u00a0Objektk\u00fcchen,\u00a0Hoteleinrichtungen, B\u00fcros, Ordinationen, Ferienappartements oder Studentenheime \u2013 bei\u00a0uns k\u00f6nnen Sie Ihr Projekt optimal umsetzen\u00a0lassen. Nat\u00fcrlich \u00fcbernehmen wir auch die Montage und die Lieferung!<\/p>\n<p><a role=\"button\"><br \/>\nMEHR ERFAHREN<br \/>\n<\/a><\/p>\n<h2>Unsere<\/h2>\n<h1>Bilder &amp; Referenzen<\/h1>\n<p>Sie brauchen Inspirationen f\u00fcr Ihr neues Projekt?\u00a0Als\u00a0Partner mit sehr viel Erfahrung und unz\u00e4hligen Herstellern\u00a0&amp; Marken\u00a0werden Sie\u00a0bei uns\u00a0mit Sicherheit f\u00fcndig.\u00a0Unsere Referenzprojekte sind\u00a0definitiv\u00a0einen Blick wert!<\/p>\n<p><a role=\"button\"><br \/>\nMEHR ERFAHREN<br \/>\n<\/a><br \/>\n<a href=\"https:\/\/lgu.ankoe.at\/fz\/dxmmopf\" target=\"_blank\" rel=\"noopener\"><img decoding=\"async\" src=\"https:\/\/lgu.ankoe.at\/Images\/ankoe\/logo2.png\" style=\"width:133px;height:57px;\"><\/a><br \/>\n<img decoding=\"async\" width=\"2400\" height=\"1320\" src=\"https:\/\/www.markowohnen.at\/wp-content\/uploads\/2021\/07\/Lobby-6.jpg\" alt=\"Hotellerie - Marko Wohnen\" srcset=\"https:\/\/www.markowohnen.at\/wp-content\/uploads\/2021\/07\/Lobby-6.jpg 2400w, https:\/\/www.markowohnen.at\/wp-content\/uploads\/2021\/07\/Lobby-6-300x165.jpg 300w, https:\/\/www.markowohnen.at\/wp-content\/uploads\/2021\/07\/Lobby-6-1024x563.jpg 1024w, https:\/\/www.markowohnen.at\/wp-content\/uploads\/2021\/07\/Lobby-6-768x422.jpg 768w, https:\/\/www.markowohnen.at\/wp-content\/uploads\/2021\/07\/Lobby-6-1536x845.jpg 1536w, https:\/\/www.markowohnen.at\/wp-content\/uploads\/2021\/07\/Lobby-6-2048x1126.jpg 2048w\" sizes=\"(max-width: 2400px) 100vw, 2400px\" \/><\/p>\n<h2><strong>VERTRAUENSVOLLE<\/strong>  PARTNER<\/h2>\n<p><a href=\"https:\/\/www.derkreis.at\/index.php?id=1404\"><br \/>\n<\/a><br \/>\n<a href=\"https:\/\/www.kuechenspezialisten.at\/bleiburg\/marko-wohnen-bleiburg\/\"><br \/>\n<\/a><br \/>\n<a href=\"https:\/\/www.cyte.at\/\"><br \/>\n<\/a><br \/>\n<a role=\"button\"><br \/>\nZu unseren Herstellern<br \/>\n<\/a><\/p>\n<h1>KONTAKTIEREN SIE UNS<\/h1>\n<p>Bereit, Ihr Projekt Wirklichkeit werden zu lassen?<br \/>\nWir freuen uns auf Ihren Anruf oder ein Mail!<\/p>\n<p><a href=\"mailto:office@markowohnen.at\"><br \/>\nANGEBOT EINHOLEN<br \/>\n<\/a><\/p>\n<h2>\n\t\t\t\t\t\t\t\u00d6ffnungSzeiten<\/h2>\n<p>Montag &#8211; Donnerstag: 8:00 &#8211; 16:30<br \/>\nFreitag: 8:00 &#8211; 12:30<\/p>\n<h2>\n\t\t\t\t\t\t\tStandort Bleiburg<\/h2>\n<p>Rinkenberg 70, 9150 Bleiburg, \u00d6sterreich<\/p>\n<p>Email: <a href=\"mailto:office@markowohnen.at\">office@markowohnen.at<\/a><br \/>\nTelefon:<a href=\"tel:+43 4235 2114-0\"> +43 4235 2114-0<\/a><\/p>\n<h2>\n\t\t\t\t\t\t\tStandort Wien<\/h2>\n<p>Oswaldgasse 9\/2\/201, 1120 Wien, \u00d6sterreich<\/p>\n<p>Email: <a href=\"mailto:office@markowohnen.at\">office@markowohnen.at<\/a><br \/>\n\u00d6ffnungszeiten nach Terminvereinbarung<\/p>\n","protected":false},"excerpt":{"rendered":"<p>WIR MACHEN AUS DEINEM HAUS DEIN ZUHAUSE 2021 MARKO WOHNEN UNSER \/ UNTERNEHMEN Online Casino Bonus Crab in Deutschland \u2013 attraktive Angebote f\u00fcr Spieler Immer mehr deutsche Spieler entdecken den Reiz von Online-Casinos mit Bonus Crab. Diese speziellen Angebote erm\u00f6glichen es, zus\u00e4tzliche Spielguthaben oder Freispiele zu erhalten, ohne sofort grosse Betr\u00e4ge einzuzahlen. Der Bonus Crab [&hellip;]<\/p>\n","protected":false},"author":2,"featured_media":0,"parent":0,"menu_order":0,"comment_status":"closed","ping_status":"closed","template":"","meta":{"footnotes":""},"class_list":["post-2088","page","type-page","status-publish","hentry"],"yoast_head":"<!-- This site is optimized with the Yoast SEO plugin v27.5 - https:\/\/yoast.com\/product\/yoast-seo-wordpress\/ -->\n<title>Firmenkunden - Marko Wohnen<\/title>\n<meta name=\"description\" content=\"Marko Wohnen aus K\u00e4rnten ist Ihr Firmenpartner in Lifestyle - Architektur und M\u00f6bel f\u00fcr ganz \u00d6sterreich. Lassen Sie sich in Sachen K\u00fcchen, Hotellerie und Ordination inspirieren.\" \/>\n<meta name=\"robots\" content=\"index, follow, max-snippet:-1, max-image-preview:large, max-video-preview:-1\" \/>\n<link rel=\"canonical\" href=\"https:\/\/www.markowohnen.at\/firmenkunden\" \/>\n<meta property=\"og:locale\" content=\"de_DE\" \/>\n<meta property=\"og:type\" content=\"article\" \/>\n<meta property=\"og:title\" content=\"Firmenkunden - Marko Wohnen\" \/>\n<meta property=\"og:description\" content=\"Marko Wohnen aus K\u00e4rnten ist Ihr Firmenpartner in Lifestyle - Architektur und M\u00f6bel f\u00fcr ganz \u00d6sterreich. Lassen Sie sich in Sachen K\u00fcchen, Hotellerie und Ordination inspirieren.\" \/>\n<meta property=\"og:url\" content=\"https:\/\/www.markowohnen.at\/firmenkunden\" \/>\n<meta property=\"og:site_name\" content=\"MarkoWohnen\" \/>\n<meta property=\"article:publisher\" content=\"https:\/\/www.facebook.com\/MarkoWohnen\" \/>\n<meta property=\"article:modified_time\" content=\"2025-11-18T11:12:27+00:00\" \/>\n<meta property=\"og:image\" content=\"https:\/\/www.markowohnen.at\/wp-content\/uploads\/2021\/07\/Foyer-1.jpg\" \/>\n<meta name=\"twitter:card\" content=\"summary_large_image\" \/>\n<meta name=\"twitter:label1\" content=\"Gesch\u00e4tzte Lesezeit\" \/>\n\t<meta name=\"twitter:data1\" content=\"3 Minuten\" \/>\n<script type=\"application\/ld+json\" class=\"yoast-schema-graph\">{\"@context\":\"https:\\\/\\\/schema.org\",\"@graph\":[{\"@type\":\"WebPage\",\"@id\":\"https:\\\/\\\/www.markowohnen.at\\\/firmenkunden\",\"url\":\"https:\\\/\\\/www.markowohnen.at\\\/firmenkunden\",\"name\":\"Firmenkunden - Marko Wohnen\",\"isPartOf\":{\"@id\":\"https:\\\/\\\/www.markowohnen.at\\\/#website\"},\"primaryImageOfPage\":{\"@id\":\"https:\\\/\\\/www.markowohnen.at\\\/firmenkunden#primaryimage\"},\"image\":{\"@id\":\"https:\\\/\\\/www.markowohnen.at\\\/firmenkunden#primaryimage\"},\"thumbnailUrl\":\"https:\\\/\\\/www.markowohnen.at\\\/wp-content\\\/uploads\\\/2021\\\/07\\\/Foyer-1.jpg\",\"datePublished\":\"2021-05-12T06:57:18+00:00\",\"dateModified\":\"2025-11-18T11:12:27+00:00\",\"description\":\"Marko Wohnen aus K\u00e4rnten ist Ihr Firmenpartner in Lifestyle - Architektur und M\u00f6bel f\u00fcr ganz \u00d6sterreich. Lassen Sie sich in Sachen K\u00fcchen, Hotellerie und Ordination inspirieren.\",\"breadcrumb\":{\"@id\":\"https:\\\/\\\/www.markowohnen.at\\\/firmenkunden#breadcrumb\"},\"inLanguage\":\"de-AT\",\"potentialAction\":[{\"@type\":\"ReadAction\",\"target\":[\"https:\\\/\\\/www.markowohnen.at\\\/firmenkunden\"]}]},{\"@type\":\"ImageObject\",\"inLanguage\":\"de-AT\",\"@id\":\"https:\\\/\\\/www.markowohnen.at\\\/firmenkunden#primaryimage\",\"url\":\"https:\\\/\\\/www.markowohnen.at\\\/wp-content\\\/uploads\\\/2021\\\/07\\\/Foyer-1.jpg\",\"contentUrl\":\"https:\\\/\\\/www.markowohnen.at\\\/wp-content\\\/uploads\\\/2021\\\/07\\\/Foyer-1.jpg\",\"width\":2254,\"height\":1500,\"caption\":\"Hotellerie - Marko Wohnen\"},{\"@type\":\"BreadcrumbList\",\"@id\":\"https:\\\/\\\/www.markowohnen.at\\\/firmenkunden#breadcrumb\",\"itemListElement\":[{\"@type\":\"ListItem\",\"position\":1,\"name\":\"Home\",\"item\":\"https:\\\/\\\/www.markowohnen.at\\\/\"},{\"@type\":\"ListItem\",\"position\":2,\"name\":\"Firmenkunden\"}]},{\"@type\":\"WebSite\",\"@id\":\"https:\\\/\\\/www.markowohnen.at\\\/#website\",\"url\":\"https:\\\/\\\/www.markowohnen.at\\\/\",\"name\":\"MarkoWohnen\",\"description\":\"\",\"publisher\":{\"@id\":\"https:\\\/\\\/www.markowohnen.at\\\/#organization\"},\"potentialAction\":[{\"@type\":\"SearchAction\",\"target\":{\"@type\":\"EntryPoint\",\"urlTemplate\":\"https:\\\/\\\/www.markowohnen.at\\\/?s={search_term_string}\"},\"query-input\":{\"@type\":\"PropertyValueSpecification\",\"valueRequired\":true,\"valueName\":\"search_term_string\"}}],\"inLanguage\":\"de-AT\"},{\"@type\":\"Organization\",\"@id\":\"https:\\\/\\\/www.markowohnen.at\\\/#organization\",\"name\":\"Marko Wohnen GmbH\",\"url\":\"https:\\\/\\\/www.markowohnen.at\\\/\",\"logo\":{\"@type\":\"ImageObject\",\"inLanguage\":\"de-AT\",\"@id\":\"https:\\\/\\\/www.markowohnen.at\\\/#\\\/schema\\\/logo\\\/image\\\/\",\"url\":\"https:\\\/\\\/www.markowohnen.at\\\/wp-content\\\/uploads\\\/2021\\\/03\\\/Logo-hell2.jpg\",\"contentUrl\":\"https:\\\/\\\/www.markowohnen.at\\\/wp-content\\\/uploads\\\/2021\\\/03\\\/Logo-hell2.jpg\",\"width\":850,\"height\":240,\"caption\":\"Marko Wohnen GmbH\"},\"image\":{\"@id\":\"https:\\\/\\\/www.markowohnen.at\\\/#\\\/schema\\\/logo\\\/image\\\/\"},\"sameAs\":[\"https:\\\/\\\/www.facebook.com\\\/MarkoWohnen\"]}]}<\/script>\n<!-- \/ Yoast SEO plugin. -->","yoast_head_json":{"title":"Firmenkunden - Marko Wohnen","description":"Marko Wohnen aus K\u00e4rnten ist Ihr Firmenpartner in Lifestyle - Architektur und M\u00f6bel f\u00fcr ganz \u00d6sterreich. Lassen Sie sich in Sachen K\u00fcchen, Hotellerie und Ordination inspirieren.","robots":{"index":"index","follow":"follow","max-snippet":"max-snippet:-1","max-image-preview":"max-image-preview:large","max-video-preview":"max-video-preview:-1"},"canonical":"https:\/\/www.markowohnen.at\/firmenkunden","og_locale":"de_DE","og_type":"article","og_title":"Firmenkunden - Marko Wohnen","og_description":"Marko Wohnen aus K\u00e4rnten ist Ihr Firmenpartner in Lifestyle - Architektur und M\u00f6bel f\u00fcr ganz \u00d6sterreich. Lassen Sie sich in Sachen K\u00fcchen, Hotellerie und Ordination inspirieren.","og_url":"https:\/\/www.markowohnen.at\/firmenkunden","og_site_name":"MarkoWohnen","article_publisher":"https:\/\/www.facebook.com\/MarkoWohnen","article_modified_time":"2025-11-18T11:12:27+00:00","og_image":[{"url":"https:\/\/www.markowohnen.at\/wp-content\/uploads\/2021\/07\/Foyer-1.jpg","type":"","width":"","height":""}],"twitter_card":"summary_large_image","twitter_misc":{"Gesch\u00e4tzte Lesezeit":"3 Minuten"},"schema":{"@context":"https:\/\/schema.org","@graph":[{"@type":"WebPage","@id":"https:\/\/www.markowohnen.at\/firmenkunden","url":"https:\/\/www.markowohnen.at\/firmenkunden","name":"Firmenkunden - Marko Wohnen","isPartOf":{"@id":"https:\/\/www.markowohnen.at\/#website"},"primaryImageOfPage":{"@id":"https:\/\/www.markowohnen.at\/firmenkunden#primaryimage"},"image":{"@id":"https:\/\/www.markowohnen.at\/firmenkunden#primaryimage"},"thumbnailUrl":"https:\/\/www.markowohnen.at\/wp-content\/uploads\/2021\/07\/Foyer-1.jpg","datePublished":"2021-05-12T06:57:18+00:00","dateModified":"2025-11-18T11:12:27+00:00","description":"Marko Wohnen aus K\u00e4rnten ist Ihr Firmenpartner in Lifestyle - Architektur und M\u00f6bel f\u00fcr ganz \u00d6sterreich. Lassen Sie sich in Sachen K\u00fcchen, Hotellerie und Ordination inspirieren.","breadcrumb":{"@id":"https:\/\/www.markowohnen.at\/firmenkunden#breadcrumb"},"inLanguage":"de-AT","potentialAction":[{"@type":"ReadAction","target":["https:\/\/www.markowohnen.at\/firmenkunden"]}]},{"@type":"ImageObject","inLanguage":"de-AT","@id":"https:\/\/www.markowohnen.at\/firmenkunden#primaryimage","url":"https:\/\/www.markowohnen.at\/wp-content\/uploads\/2021\/07\/Foyer-1.jpg","contentUrl":"https:\/\/www.markowohnen.at\/wp-content\/uploads\/2021\/07\/Foyer-1.jpg","width":2254,"height":1500,"caption":"Hotellerie - Marko Wohnen"},{"@type":"BreadcrumbList","@id":"https:\/\/www.markowohnen.at\/firmenkunden#breadcrumb","itemListElement":[{"@type":"ListItem","position":1,"name":"Home","item":"https:\/\/www.markowohnen.at\/"},{"@type":"ListItem","position":2,"name":"Firmenkunden"}]},{"@type":"WebSite","@id":"https:\/\/www.markowohnen.at\/#website","url":"https:\/\/www.markowohnen.at\/","name":"MarkoWohnen","description":"","publisher":{"@id":"https:\/\/www.markowohnen.at\/#organization"},"potentialAction":[{"@type":"SearchAction","target":{"@type":"EntryPoint","urlTemplate":"https:\/\/www.markowohnen.at\/?s={search_term_string}"},"query-input":{"@type":"PropertyValueSpecification","valueRequired":true,"valueName":"search_term_string"}}],"inLanguage":"de-AT"},{"@type":"Organization","@id":"https:\/\/www.markowohnen.at\/#organization","name":"Marko Wohnen GmbH","url":"https:\/\/www.markowohnen.at\/","logo":{"@type":"ImageObject","inLanguage":"de-AT","@id":"https:\/\/www.markowohnen.at\/#\/schema\/logo\/image\/","url":"https:\/\/www.markowohnen.at\/wp-content\/uploads\/2021\/03\/Logo-hell2.jpg","contentUrl":"https:\/\/www.markowohnen.at\/wp-content\/uploads\/2021\/03\/Logo-hell2.jpg","width":850,"height":240,"caption":"Marko Wohnen GmbH"},"image":{"@id":"https:\/\/www.markowohnen.at\/#\/schema\/logo\/image\/"},"sameAs":["https:\/\/www.facebook.com\/MarkoWohnen"]}]}},"_links":{"self":[{"href":"https:\/\/www.markowohnen.at\/index.php?rest_route=\/wp\/v2\/pages\/2088","targetHints":{"allow":["GET"]}}],"collection":[{"href":"https:\/\/www.markowohnen.at\/index.php?rest_route=\/wp\/v2\/pages"}],"about":[{"href":"https:\/\/www.markowohnen.at\/index.php?rest_route=\/wp\/v2\/types\/page"}],"author":[{"embeddable":true,"href":"https:\/\/www.markowohnen.at\/index.php?rest_route=\/wp\/v2\/users\/2"}],"replies":[{"embeddable":true,"href":"https:\/\/www.markowohnen.at\/index.php?rest_route=%2Fwp%2Fv2%2Fcomments&post=2088"}],"version-history":[{"count":4,"href":"https:\/\/www.markowohnen.at\/index.php?rest_route=\/wp\/v2\/pages\/2088\/revisions"}],"predecessor-version":[{"id":4926,"href":"https:\/\/www.markowohnen.at\/index.php?rest_route=\/wp\/v2\/pages\/2088\/revisions\/4926"}],"wp:attachment":[{"href":"https:\/\/www.markowohnen.at\/index.php?rest_route=%2Fwp%2Fv2%2Fmedia&parent=2088"}],"curies":[{"name":"wp","href":"https:\/\/api.w.org\/{rel}","templated":true}]}}